{"id":1532,"date":"2018-02-25T13:56:52","date_gmt":"2018-02-25T12:56:52","guid":{"rendered":"http:\/\/hauptsache-realbleiben.de\/?page_id=1532"},"modified":"2018-02-25T13:56:52","modified_gmt":"2018-02-25T12:56:52","slug":"wichtiges-zum-schulwechsel-nach-klasse-4","status":"publish","type":"page","link":"https:\/\/hauptsache-realbleiben.de\/?page_id=1532","title":{"rendered":"Wichtiges zum Schulwechsel nach Klasse 4"},"content":{"rendered":"<p><strong>Checkliste f\u00fcr Schulwechsler (4.Klasse)<\/strong><br \/>\n<img loading=\"lazy\" decoding=\"async\" class=\"size-medium wp-image-1483 alignnone\" src=\"http:\/\/hauptsache-realbleiben.de\/wp-content\/uploads\/2018\/01\/choice-300x157.jpg\" alt=\"\" width=\"300\" height=\"157\" srcset=\"https:\/\/hauptsache-realbleiben.de\/wp-content\/uploads\/2018\/01\/choice-300x157.jpg 300w, https:\/\/hauptsache-realbleiben.de\/wp-content\/uploads\/2018\/01\/choice.jpg 597w\" sizes=\"auto, (max-width: 300px) 100vw, 300px\" \/><br \/>\nEine Hilfestellung vom Elternverein e.V.:\u00a0 <a href=\"http:\/\/hauptsache-realbleiben.de\/wp-content\/uploads\/2018\/01\/Checkliste-fu\u0308r-die-Eltern.pdf\">Checkliste-f\u00fcr-die-Eltern<\/a><br \/>\nfamilie.de schreibt dazu: <a href=\"http:\/\/www.familie.de\/kind\/grundschulempfehlung-leistungsdruck-535801.html\">Grundschulempfehlung: Kinder unter Leistungsdruck<\/a><\/p>\n<p>(Schulministerium <strong>NRW<\/strong>)<br \/>\n<a href=\"https:\/\/www.schulministerium.nrw.de\/docs\/bp\/Ministerium\/Presse\/Pressemitteilungen\/2018_17_LegPer\/PM20180201_Halbjahreszeugnisse\/index.html\">Ministerin Gebauer: Halbjahreszeugnisse sind ein wichtiger Gradmesser und Ansporn zugleich<\/a><br \/>\n(Zitat)<em> &#8218;Die Halbjahreszeugnisse haben au\u00dferdem f\u00fcr die Kinder und Eltern eine besondere Bedeutung, bei denen der Wechsel von der Grundschule auf die weiterf\u00fchrende Schule ansteht. Ministerin Gebauer: \u201eIn der vierten Klasse erhalten Eltern mit dem Halbjahreszeugnis eine Empfehlung f\u00fcr den weiteren Bildungsweg ihres Kindes. Die Zeugnisse sind ein wichtiger Gradmesser daf\u00fcr, welche Schulform geeignet ist. Die Empfehlungen sind nicht bindend, aber ich rate den Eltern, sich f\u00fcr eine fundierte Entscheidung intensiv mit den Halbjahreszeugnissen auseinanderzusetzen und auch mit den Lehrerinnen und Lehrern auszutauschen.\u201c&#8216;<\/em><\/p>\n","protected":false},"excerpt":{"rendered":"<p>Checkliste f\u00fcr Schulwechsler (4.Klasse) Eine Hilfestellung vom Elternverein e.V.:\u00a0 Checkliste-f\u00fcr-die-Eltern familie.de schreibt dazu: Grundschulempfehlung: Kinder unter Leistungsdruck (Schulministerium NRW) Ministerin Gebauer: Halbjahreszeugnisse sind ein wichtiger Gradmesser und Ansporn zugleich (Zitat) &#8218;Die Halbjahreszeugnisse haben au\u00dferdem f\u00fcr die Kinder und Eltern eine besondere Bedeutung, bei denen der Wechsel von der Grundschule auf die weiterf\u00fchrende Schule ansteht. Ministerin &hellip; <\/p>\n<p class=\"link-more\"><a href=\"https:\/\/hauptsache-realbleiben.de\/?page_id=1532\" class=\"more-link\"><span class=\"screen-reader-text\">\u201eWichtiges zum Schulwechsel nach Klasse 4\u201c<\/span> weiterlesen<\/a><\/p>\n","protected":false},"author":1,"featured_media":0,"parent":0,"menu_order":0,"comment_status":"closed","ping_status":"closed","template":"","meta":{"footnotes":""},"class_list":["post-1532","page","type-page","status-publish","hentry"],"_links":{"self":[{"href":"https:\/\/hauptsache-realbleiben.de\/index.php?rest_route=\/wp\/v2\/pages\/1532","targetHints":{"allow":["GET"]}}],"collection":[{"href":"https:\/\/hauptsache-realbleiben.de\/index.php?rest_route=\/wp\/v2\/pages"}],"about":[{"href":"https:\/\/hauptsache-realbleiben.de\/index.php?rest_route=\/wp\/v2\/types\/page"}],"author":[{"embeddable":true,"href":"https:\/\/hauptsache-realbleiben.de\/index.php?rest_route=\/wp\/v2\/users\/1"}],"replies":[{"embeddable":true,"href":"https:\/\/hauptsache-realbleiben.de\/index.php?rest_route=%2Fwp%2Fv2%2Fcomments&post=1532"}],"version-history":[{"count":1,"href":"https:\/\/hauptsache-realbleiben.de\/index.php?rest_route=\/wp\/v2\/pages\/1532\/revisions"}],"predecessor-version":[{"id":1533,"href":"https:\/\/hauptsache-realbleiben.de\/index.php?rest_route=\/wp\/v2\/pages\/1532\/revisions\/1533"}],"wp:attachment":[{"href":"https:\/\/hauptsache-realbleiben.de\/index.php?rest_route=%2Fwp%2Fv2%2Fmedia&parent=1532"}],"curies":[{"name":"wp","href":"https:\/\/api.w.org\/{rel}","templated":true}]}}