{"id":1079,"date":"2017-07-14T21:43:41","date_gmt":"2017-07-14T20:43:41","guid":{"rendered":"http:\/\/hauptsache-realbleiben.de\/?page_id=1079"},"modified":"2017-09-26T19:07:53","modified_gmt":"2017-09-26T18:07:53","slug":"buergerentscheid-01-10-2017","status":"publish","type":"page","link":"https:\/\/hauptsache-realbleiben.de\/?page_id=1079","title":{"rendered":"B\u00fcrgerentscheid: 01.10.2017"},"content":{"rendered":"<p>3700 Unterschriften gesammelt, aber sie konnten den Rat nicht \u00fcberzeugen, darum kommt es nun zum B\u00fcrgerentscheid. <a href=\"http:\/\/www.duelmen.de\/1020.html?&amp;tx_ttnews%5Btt_news%5D=3726&amp;cHash=1a83b1884f03799f3adcdbf0c72a6c92\">B\u00fcrgerentscheid zur Sekundarschule am 1. Oktober 2017<\/a> <span style=\"font-size: 10pt;\">(offizieller Hinweis der Stadt D\u00fclmen)<\/span><\/p>\n<p><span style=\"color: #008fc7;\"><strong><span style=\"font-size: 14pt;\">Radio Kiepenkerl h\u00e4lt uns auf dem Laufenden:<\/span><br \/>\n<\/strong><\/span> <a href=\"http:\/\/www.radiokiepenkerl.de\/unterseiten\/buergerentscheid-in-duelmen\/?L=\">Der B\u00fcrgerentscheid in D\u00fclmen zur Sekundarschule<\/a><\/p>\n<p><strong><span style=\"font-size: 14pt;\">&#8222;Soll in D\u00fclmen<span style=\"color: #ff0000;\"> keine<\/span> Sekundarschule eingerichtet werden?&#8220;<\/span><br \/>\n<\/strong>Wir vom Aktionsb\u00fcndnis werden dem zustimmen:<br \/>\n<span style=\"color: #ff0000; font-size: 14pt;\"><strong>&#8222;<\/strong><\/span><span style=\"font-size: 14pt;\"><strong><span style=\"font-size: 18pt;\">Ja<\/span><\/strong><\/span><span style=\"color: #ff0000; font-size: 14pt;\"><strong>, ich stimme zu, dass in D\u00fclmen <\/strong><\/span><span style=\"font-size: 14pt;\"><strong>keine<\/strong><\/span><span style=\"color: #ff0000; font-size: 14pt;\"><strong> Sekundarschule eingerichtet werden soll.&#8220;<\/strong><\/span><\/p>\n<p><img loading=\"lazy\" decoding=\"async\" class=\"size-medium wp-image-1325 alignleft\" src=\"http:\/\/hauptsache-realbleiben.de\/wp-content\/uploads\/2017\/07\/Last-CallA5-212x300.jpg\" alt=\"\" width=\"212\" height=\"300\" srcset=\"https:\/\/hauptsache-realbleiben.de\/wp-content\/uploads\/2017\/07\/Last-CallA5-212x300.jpg 212w, https:\/\/hauptsache-realbleiben.de\/wp-content\/uploads\/2017\/07\/Last-CallA5-768x1089.jpg 768w, https:\/\/hauptsache-realbleiben.de\/wp-content\/uploads\/2017\/07\/Last-CallA5-722x1024.jpg 722w, https:\/\/hauptsache-realbleiben.de\/wp-content\/uploads\/2017\/07\/Last-CallA5.jpg 1750w\" sizes=\"auto, (max-width: 212px) 100vw, 212px\" \/><\/p>\n<p>Die Informationsschreiben mit den Statements der Parteien haben Sie bereits erhalten. Darin enthalten ist die Abstimmungsbenachrichtigung mit <strong>Angabe des Wahlbezirks und des Stimmlokals<\/strong> <strong>f\u00fcr den 1.10.2017.<\/strong><br \/>\nAlternativ k\u00f6nnen Sie zu den \u00d6ffnungszeiten (Mo-Fr. zwischen 8:00 und 18:00 Uhr jederzeit im <strong>Abstimmungsb\u00fcro am Rathaus<\/strong> (Untergeschoss) Ihre Stimme abgeben. Der Personalausweis oder ein Ausweisdokument aus dem eindeutig die Identit\u00e4t und Wohnadresse zu lesen ist, reicht aus, um die Unterlagen zu erhalten.<\/p>\n<p>Es gibt\u00a0 <a href=\"https:\/\/www.citeq.de\/IWS\/bfWRauume.do?d-3688683-p=1\">9 Wahlbezirke<\/a> :<br \/>\n<img loading=\"lazy\" decoding=\"async\" class=\"alignnone wp-image-1326 size-large\" src=\"http:\/\/hauptsache-realbleiben.de\/wp-content\/uploads\/2017\/07\/Wahlbezirke-karte-1024x728.jpg\" alt=\"\" width=\"525\" height=\"373\" srcset=\"https:\/\/hauptsache-realbleiben.de\/wp-content\/uploads\/2017\/07\/Wahlbezirke-karte-1024x728.jpg 1024w, https:\/\/hauptsache-realbleiben.de\/wp-content\/uploads\/2017\/07\/Wahlbezirke-karte-300x213.jpg 300w, https:\/\/hauptsache-realbleiben.de\/wp-content\/uploads\/2017\/07\/Wahlbezirke-karte-768x546.jpg 768w, https:\/\/hauptsache-realbleiben.de\/wp-content\/uploads\/2017\/07\/Wahlbezirke-karte.jpg 1743w\" sizes=\"auto, (max-width: 525px) 100vw, 525px\" \/><br \/>\n<img loading=\"lazy\" decoding=\"async\" class=\"alignnone wp-image-1331 size-large\" src=\"http:\/\/hauptsache-realbleiben.de\/wp-content\/uploads\/2017\/07\/Wahlbezirke-liste-1024x743.jpg\" alt=\"\" width=\"525\" height=\"381\" srcset=\"https:\/\/hauptsache-realbleiben.de\/wp-content\/uploads\/2017\/07\/Wahlbezirke-liste-1024x743.jpg 1024w, https:\/\/hauptsache-realbleiben.de\/wp-content\/uploads\/2017\/07\/Wahlbezirke-liste-300x218.jpg 300w, https:\/\/hauptsache-realbleiben.de\/wp-content\/uploads\/2017\/07\/Wahlbezirke-liste-768x557.jpg 768w, https:\/\/hauptsache-realbleiben.de\/wp-content\/uploads\/2017\/07\/Wahlbezirke-liste.jpg 1200w\" sizes=\"auto, (max-width: 525px) 100vw, 525px\" \/><\/p>\n<p>Hier finden Sie alle wichtigen Informationen bez\u00fcglich der Abstimmung:<br \/>\n<a href=\"http:\/\/www.duelmen.de\/4068.html\">Stadt D\u00fclmen: B\u00fcrgerentscheid<\/a> <span style=\"font-size: 10pt;\"><em>(Direkt-Link ist hinterlegt)<\/em><\/span><\/p>\n<p><strong>Hier finden Sie die 12-seitige Informationsbrosch\u00fcre zum B\u00fcrgerentscheid: <a href=\"http:\/\/www.duelmen.de\/fileadmin\/user_upload\/duelmen.de\/politik\/Informationsblatt_Buergerentscheid.pdf\">Informationsblatt der B\u00fcrgerinitiative, der Fraktionen und der B\u00fcrgermeisterin<\/a><br \/>\n<\/strong><\/p>\n<p>Dz-online: <a href=\"http:\/\/www.dzonline.de\/Duelmen\/2953799-Wichtiges-zur-Bundestagswahl-und-Buergerentscheid-Wahlen-nach-Farben\"><span style=\"color: #ffcc00;\"><strong> Wichtiges zur Bundestagswahl und B\u00fcrgerentscheid: Wahlen nach Farben<\/strong> <\/span><\/a><br \/>\nHier finden Sie\u00a0 <a href=\"https:\/\/www.citeq.de\/IWS\/bfWRauume.do?d-3688683-p=1\">die 9 Wahlbezirke<\/a> :<br \/>\n<strong><span style=\"color: #ffcc00;\">Stimmbezirk 1:<\/span><\/strong>\u00a0 Augustinusschule, A.-K.-Emmerick-Str. 29,<br \/>\n<strong><span style=\"color: #ff6600;\">Stimmbezirk 2:<\/span>\u00a0<\/strong> Pestalozzischule, An der Kreuzkirche 5,<br \/>\n<strong><span style=\"color: #ff0000;\">Stimmbezirk 3:<\/span><\/strong>\u00a0 Kardinal-von-Galen-Schule, Haverlandh\u00f6he 10,<br \/>\n<strong><span style=\"color: #0085ad;\">Stimmbezirk 4:<\/span>\u00a0<\/strong> A.-K.-Emmerick-Schule, Leuster Weg 60,<br \/>\n<strong><span style=\"color: #333399;\">Stimmbezirk 5:<\/span>\u00a0<\/strong> Mauritiusschule <em><span style=\"text-decoration: underline;\">Hausd\u00fclmen<\/span><\/em>, Mauritiusstr. 5,<br \/>\n<strong><span style=\"color: #ccffff;\">Stimmbezirk 6:<\/span><\/strong>\u00a0 Kardinal-v.-Galen-Schule <em><span style=\"text-decoration: underline;\">Merfeld<\/span><\/em>, Von-Galen-Str. 1,<br \/>\n<strong><span style=\"color: #008000;\">Stimmbezirk 7:<\/span><\/strong>\u00a0 A.K.E.-Schule, ehem. Marienschule <em><span style=\"text-decoration: underline;\">Rorup<\/span><\/em>, Schulstr. 23,<br \/>\n<strong><span style=\"color: #cc99ff;\">Stimmbezirk 8:<\/span><\/strong>\u00a0 Ludgerus-Schule <em><span style=\"text-decoration: underline;\">Buldern<\/span><\/em>, Wemhoff 6,<br \/>\n<strong><span style=\"color: #800080;\">Stimmbezirk 9:<\/span><\/strong>\u00a0 St.Georg-Schule <em><span style=\"text-decoration: underline;\">Hiddingsel<\/span><\/em>, Fl\u00f6tebachweg 4,<\/p>\n<p><span style=\"color: #ff0000;\"><strong>Wir D\u00fclmener B\u00fcrger d\u00fcrfen diese weitreichende Entscheidung mittragen!<br \/>\nNutzen Sie sie!<br \/>\nIhre Stimme ist wichtig!<br \/>\n<\/strong><\/span><\/p>\n<p><img loading=\"lazy\" decoding=\"async\" class=\"size-medium wp-image-1210 alignnone\" src=\"http:\/\/hauptsache-realbleiben.de\/wp-content\/uploads\/2017\/02\/Ja-Plakate-A3--212x300.jpg\" alt=\"\" width=\"212\" height=\"300\" \/><\/p>\n<p>Gr\u00fcnde? &#8230; folgen Sie dem Link:\u00a0<a href=\"http:\/\/hauptsache-realbleiben.de\/?page_id=1168\">Unser &#8222;Ja&#8220; zum &#8222;Nein&#8220;<\/a><\/p>\n<p>&nbsp;<\/p>\n<p>&nbsp;<\/p>\n<p>Unsere &#8222;Nein&#8220; zur Sekundarschule wechselt zum &#8222;Ja&#8220; zu Haupt- und Realschule, denn das ist unsere Antwort zum B\u00fcrgerentscheid:<br \/>\n<img loading=\"lazy\" decoding=\"async\" class=\"size-large wp-image-1101 alignnone\" src=\"http:\/\/hauptsache-realbleiben.de\/wp-content\/uploads\/2017\/07\/wandel-zum-ja-1024x563.jpg\" alt=\"\" width=\"525\" height=\"289\" srcset=\"https:\/\/hauptsache-realbleiben.de\/wp-content\/uploads\/2017\/07\/wandel-zum-ja-1024x563.jpg 1024w, https:\/\/hauptsache-realbleiben.de\/wp-content\/uploads\/2017\/07\/wandel-zum-ja-300x165.jpg 300w, https:\/\/hauptsache-realbleiben.de\/wp-content\/uploads\/2017\/07\/wandel-zum-ja-768x422.jpg 768w, https:\/\/hauptsache-realbleiben.de\/wp-content\/uploads\/2017\/07\/wandel-zum-ja.jpg 1600w\" sizes=\"auto, (max-width: 525px) 100vw, 525px\" \/><\/p>\n<p>&nbsp;<\/p>\n<p><span style=\"color: #ff0000;\"><strong>Der direkte Link zu <a href=\"http:\/\/www.duelmen.de\/2926.html\">Wahlen in D\u00fclmen<\/a><\/strong><\/span><\/p>\n<p style=\"padding-left: 30px;\"><b>Das Wahlb\u00fcro \u00f6ffnet ca. 4 Wochen vor einer Wahl in den ehemaligen R\u00e4umen des D\u00fclmen Marketing e.V. im Untergeschoss des Rathauses, Eingang <a class=\"tx-glossary\" href=\"http:\/\/www.duelmen.de\/2814.html\"><acronym title=\"Zur Kartensicht\">Marktstra\u00dfe 30<\/acronym><\/a>. Die R\u00e4umlichkeiten sind ebenerdig und barrierefrei zu erreichen.<br \/>\n<\/b>Das Wahlb\u00fcro ist von montags bis freitags von 08:00 bis 18:00 Uhr ge\u00f6ffnet. Im Wahlb\u00fcro k\u00f6nnen Wahlberechtigte ihre Briefwahlunterlagen beantragen oder direkt vor Ort w\u00e4hlen.<\/p>\n<p>&nbsp;<\/p>\n<p>&nbsp;<\/p>\n","protected":false},"excerpt":{"rendered":"<p>3700 Unterschriften gesammelt, aber sie konnten den Rat nicht \u00fcberzeugen, darum kommt es nun zum B\u00fcrgerentscheid. B\u00fcrgerentscheid zur Sekundarschule am 1. Oktober 2017 (offizieller Hinweis der Stadt D\u00fclmen) Radio Kiepenkerl h\u00e4lt uns auf dem Laufenden: Der B\u00fcrgerentscheid in D\u00fclmen zur Sekundarschule &#8222;Soll in D\u00fclmen keine Sekundarschule eingerichtet werden?&#8220; Wir vom Aktionsb\u00fcndnis werden dem zustimmen: &#8222;Ja, &hellip; <\/p>\n<p class=\"link-more\"><a href=\"https:\/\/hauptsache-realbleiben.de\/?page_id=1079\" class=\"more-link\"><span class=\"screen-reader-text\">\u201eB\u00fcrgerentscheid: 01.10.2017\u201c<\/span> weiterlesen<\/a><\/p>\n","protected":false},"author":1,"featured_media":0,"parent":0,"menu_order":0,"comment_status":"closed","ping_status":"closed","template":"","meta":{"footnotes":""},"class_list":["post-1079","page","type-page","status-publish","hentry"],"_links":{"self":[{"href":"https:\/\/hauptsache-realbleiben.de\/index.php?rest_route=\/wp\/v2\/pages\/1079","targetHints":{"allow":["GET"]}}],"collection":[{"href":"https:\/\/hauptsache-realbleiben.de\/index.php?rest_route=\/wp\/v2\/pages"}],"about":[{"href":"https:\/\/hauptsache-realbleiben.de\/index.php?rest_route=\/wp\/v2\/types\/page"}],"author":[{"embeddable":true,"href":"https:\/\/hauptsache-realbleiben.de\/index.php?rest_route=\/wp\/v2\/users\/1"}],"replies":[{"embeddable":true,"href":"https:\/\/hauptsache-realbleiben.de\/index.php?rest_route=%2Fwp%2Fv2%2Fcomments&post=1079"}],"version-history":[{"count":36,"href":"https:\/\/hauptsache-realbleiben.de\/index.php?rest_route=\/wp\/v2\/pages\/1079\/revisions"}],"predecessor-version":[{"id":1336,"href":"https:\/\/hauptsache-realbleiben.de\/index.php?rest_route=\/wp\/v2\/pages\/1079\/revisions\/1336"}],"wp:attachment":[{"href":"https:\/\/hauptsache-realbleiben.de\/index.php?rest_route=%2Fwp%2Fv2%2Fmedia&parent=1079"}],"curies":[{"name":"wp","href":"https:\/\/api.w.org\/{rel}","templated":true}]}}