{"id":1040,"date":"2017-07-07T09:53:55","date_gmt":"2017-07-07T08:53:55","guid":{"rendered":"http:\/\/hauptsache-realbleiben.de\/?page_id=1040"},"modified":"2017-09-12T14:01:23","modified_gmt":"2017-09-12T13:01:23","slug":"ergebnis-der-elternumfrage","status":"publish","type":"page","link":"https:\/\/hauptsache-realbleiben.de\/?page_id=1040","title":{"rendered":"Ergebnis der Elternumfrage"},"content":{"rendered":"<p>872 Eltern wurden befragt, davon waren 11 ung\u00fcltig.<br \/>\nSomit sind hier 861 Elternbefragungen f\u00fcr die Hochrechnung relevant.<br \/>\n531 zur\u00fcckgegebene und <span style=\"text-decoration: underline;\">g\u00fcltige<\/span> Frageb\u00f6gen kamen in die Auswertung.<br \/>\nDas sind 61%<\/p>\n<p><span style=\"font-size: 10pt;\">Die offiziellen Zahlen finden Sie unter <a href=\"https:\/\/www.duelmen.de\/db\/ratsinfo\/si0040.php?__cjahr=2017&amp;__cmonat=7&amp;__canz=1&amp;__cselect=0\">Niederschrift der Sitzung am 6.7.2017 &#8211; Seite 10<\/a><\/span><\/p>\n<p>Das Stimmenverh\u00e4ltnis war wie folgt:<br \/>\n<img loading=\"lazy\" decoding=\"async\" class=\"size-large wp-image-1068 alignnone\" src=\"http:\/\/hauptsache-realbleiben.de\/wp-content\/uploads\/2017\/07\/Auswertung-Kuchen-1-1024x847.jpg\" alt=\"\" width=\"525\" height=\"434\" srcset=\"https:\/\/hauptsache-realbleiben.de\/wp-content\/uploads\/2017\/07\/Auswertung-Kuchen-1-1024x847.jpg 1024w, https:\/\/hauptsache-realbleiben.de\/wp-content\/uploads\/2017\/07\/Auswertung-Kuchen-1-300x248.jpg 300w, https:\/\/hauptsache-realbleiben.de\/wp-content\/uploads\/2017\/07\/Auswertung-Kuchen-1-768x635.jpg 768w, https:\/\/hauptsache-realbleiben.de\/wp-content\/uploads\/2017\/07\/Auswertung-Kuchen-1.jpg 1200w\" sizes=\"auto, (max-width: 525px) 100vw, 525px\" \/><\/p>\n<p><strong>Da dies eine &#8222;Bedarfsermittlung&#8220; ist, reicht es f\u00fcr den Antrag auf Gr\u00fcndung einer Sekundarschule aus, nachweisen zu k\u00f6nnen, dass Interesse an der Sekundarschule best\u00fcnde.\u00a0 Darum sind bei dieser Entscheidung nur die positiven Stimmen relevant.<br \/>\nDass eine Mehrheit der Eltern ihr Kind dort nicht anmelden w\u00fcrde, ist nicht wichtig.<br \/>\nDass diese Eltern (bzw.. ihre Kinder) dann aber keine andere, wirkliche Wahl mehr haben, wenn ihr Kind keine Gymnasialempfehlung hat, z\u00e4hlt auch nicht: Eine Minderheit &#8222;entscheidet&#8220; (f\u00fcr sich) &#8211; eine Mehrheit muss es tragen.<\/strong><\/p>\n<p><strong>Aber<\/strong> aufgrund der angek\u00fcndigten Hochrechnung auf eine fiktive Wahlbeteiligung von 100%, kommen wir auf insgesamt 108 Eltern des zweiten und 121 Eltern des drittens Jahrgangs, die sich bestimmt oder &#8222;eher ja&#8220; vorstellen k\u00f6nnten, ihr Kind auf der neuzugr\u00fcndenden Sekundarschule anzumelden. Damit ist der Elternwille nachgewiesen. &#8230; Soll erf\u00fcllt &#8230;<\/p>\n<p>Tats\u00e4chlich sind es aber nur 63 (Klasse 2) bzw. 79 (Klasse 3).<br \/>\nDem gegen\u00fcber stehen 186 bzw. 203 Gegenstimmen.<span style=\"font-size: 8pt;\"><em>\u00a0 (861 &#8211; 108 &#8211; 121 = 632)<\/em><\/span><br \/>\n<span style=\"color: #ff0000; font-size: 14pt;\"><strong>Fiktiv auf 100% hochgerechnet sagen<\/strong><\/span><br \/>\n<span style=\"font-size: 14pt;\"><strong><span style=\"color: #ff0000;\">632 Eltern &#8222;Nein&#8220; zur Sekundarschule!<\/span> <\/strong><\/span><strong><br \/>\n<\/strong><\/p>\n<p><span style=\"font-size: 18pt; color: #008000;\"><strong>Liebe Grundschuleltern,<br \/>\nZeit auf die Stra\u00dfe zu gehen und um EUER Recht zu k\u00e4mpfen! Andernfalls bestimmen andere, wohin eure Kinder zur Schule gehen!<\/strong><\/span><\/p>\n<p>7.7.2017<br \/>\n(Radio Kiepenkerl) <a href=\"http:\/\/www.radiokiepenkerl.de\/index.php?id=1232&amp;L=2&amp;tx_news_pi1%5Bnews%5D=39750&amp;tx_news_pi1%5Bcontroller%5D=News&amp;tx_news_pi1%5Baction%5D=detail&amp;cHash=e0975f459cb27f456dd71e56d8c91e20\">B\u00fcrgerentscheid zur geplanten Sekundarschule in D\u00fclmen im Oktober<\/a><br \/>\n(DZ-Online) <a href=\"http:\/\/www.dzonline.de\/Duelmen\/2895599-Genug-Eltern-wuerden-die-Sekundarschule-waehlen-Die-Duelmener-entscheiden-selbst\"> Die D\u00fclmener entscheiden selbst <\/a><\/p>\n<p><em>Passt dazu:<\/em><br \/>\n<span style=\"font-size: 10pt;\">08.07.2017 (DZ) <a href=\"http:\/\/www.dzonline.de\/Duelmen\/2896969-Haushaltssperre-Viele-Ausgaben-auf-dem-Pruefstand-Politik-wird-stets-informiert\">Haushaltssperre: Viele Ausgaben auf dem Pr\u00fcfstand<\/a><\/span><br \/>\n<span style=\"font-size: 10pt;\">08.07.2017 (DZ) <a href=\"http:\/\/www.dzonline.de\/Duelmen\/2897047-Schwerer-Vorwurf-von-Mehr-Demokratie-Hat-die-Stadt-geschummelt\">Schwerer Vorwurf von \u201eMehr Demokratie\u201c<\/a><\/span><br \/>\n<span style=\"font-size: 10pt;\"><strong>NEU<\/strong> 08.07.2017 (Radio Kiepenkerl) <a href=\"http:\/\/www.radiokiepenkerl.de\/nachrichten\/lokalnachrichten\/single\/news\/kritik-an-getrennten-terminen-fuer-buergerentscheid-und-bundestagswahl-in-duelmen\/?L=0&amp;tx_news_pi1%5Bcontroller%5D=News&amp;tx_news_pi1%5Baction%5D=detail&amp;cHash=501a1b2fd693299184e909c42f6d7047\">Kritik an getrennten Terminen f\u00fcr B\u00fcrgerentscheid und Bundestagswahl in D\u00fclmen<br \/>\n<\/a><strong>NEU<\/strong> 07.07.2017 <a href=\"https:\/\/nrw.mehr-demokratie.de\/presse\/presse-einzelansicht\/?tx_ttnews%5BbackPid%5D=7234&amp;tx_ttnews%5Btt_news%5D=18191&amp;cHash=33fc856ae6523315a074664f0ee525ee\">B\u00fcrgerentscheide sind nicht &#8222;wahlfremd&#8220;<\/a><\/span><br \/>\n<span style=\"font-size: 10pt;\"> (MehrDemokratie)<\/span><\/p>\n","protected":false},"excerpt":{"rendered":"<p>872 Eltern wurden befragt, davon waren 11 ung\u00fcltig. Somit sind hier 861 Elternbefragungen f\u00fcr die Hochrechnung relevant. 531 zur\u00fcckgegebene und g\u00fcltige Frageb\u00f6gen kamen in die Auswertung. Das sind 61% Die offiziellen Zahlen finden Sie unter Niederschrift der Sitzung am 6.7.2017 &#8211; Seite 10 Das Stimmenverh\u00e4ltnis war wie folgt: Da dies eine &#8222;Bedarfsermittlung&#8220; ist, reicht es &hellip; <\/p>\n<p class=\"link-more\"><a href=\"https:\/\/hauptsache-realbleiben.de\/?page_id=1040\" class=\"more-link\"><span class=\"screen-reader-text\">\u201eErgebnis der Elternumfrage\u201c<\/span> weiterlesen<\/a><\/p>\n","protected":false},"author":1,"featured_media":0,"parent":0,"menu_order":0,"comment_status":"closed","ping_status":"closed","template":"","meta":{"footnotes":""},"class_list":["post-1040","page","type-page","status-publish","hentry"],"_links":{"self":[{"href":"https:\/\/hauptsache-realbleiben.de\/index.php?rest_route=\/wp\/v2\/pages\/1040","targetHints":{"allow":["GET"]}}],"collection":[{"href":"https:\/\/hauptsache-realbleiben.de\/index.php?rest_route=\/wp\/v2\/pages"}],"about":[{"href":"https:\/\/hauptsache-realbleiben.de\/index.php?rest_route=\/wp\/v2\/types\/page"}],"author":[{"embeddable":true,"href":"https:\/\/hauptsache-realbleiben.de\/index.php?rest_route=\/wp\/v2\/users\/1"}],"replies":[{"embeddable":true,"href":"https:\/\/hauptsache-realbleiben.de\/index.php?rest_route=%2Fwp%2Fv2%2Fcomments&post=1040"}],"version-history":[{"count":19,"href":"https:\/\/hauptsache-realbleiben.de\/index.php?rest_route=\/wp\/v2\/pages\/1040\/revisions"}],"predecessor-version":[{"id":1267,"href":"https:\/\/hauptsache-realbleiben.de\/index.php?rest_route=\/wp\/v2\/pages\/1040\/revisions\/1267"}],"wp:attachment":[{"href":"https:\/\/hauptsache-realbleiben.de\/index.php?rest_route=%2Fwp%2Fv2%2Fmedia&parent=1040"}],"curies":[{"name":"wp","href":"https:\/\/api.w.org\/{rel}","templated":true}]}}